-8*q - 1. Suppose 0 = 2*u + 4. Let y be t(u). Calculate the highest common divisor of y and 3.
3
Suppose -8*w = -4*w - 28. Let q be 86/w - 4/14. Calculate the greatest common divisor of 6 and q.
6
Let m = -114 + 130. What is the highest common divisor of m and 80?
16
Let o be ((-5)/2)/((-3)/6). What is the highest common divisor of o and 25?
5
Let a be -2 + (0 - -5) + -2. Suppose 0 = -0*h + 4*h - 2*v - 12, 5*h - 2*v = 17. Suppose -h*m + 10 = -0. Calculate the highest common factor of m and a.
1
Suppose -3*l = -7*l + 52. Calculate the greatest common divisor of l and 91.
13
Suppose 0 = -0*r + 2*r. Let c be (r + 2 - -6)/2. What is the greatest common divisor of c and 1?
1
Let s be (22/2)/(4/196). Suppose 5*u = -194 + s. Let z(x) = -23*x. Let y be z(-2). Calculate the greatest common divisor of y and u.
23
Suppose -v + 20 = v. Suppose -199 = -3*o + 125. Let l = o + -28. Calculate the highest common divisor of l and v.
10
Let t(v) = 21*v - 15. Let p be t(3). Calculate the highest common divisor of 6 and p.
6
Let j(m) = -19*m + 7. Let i be j(-7). Suppose -5*d = -d - i. Let r be 1100/77 - (-4)/(-14). What is the highest common factor of d and r?
7
Suppose -3*a - 3 = -2*h + 7, -h + 4*a = -5. Suppose -5 = -8*n + 9*n. Let x be (-45)/1*(n + 4). What is the highest common divisor of h and x?
5
Suppose 5*w + 3*x = 30, -2*w + 4*x = -15 + 3. Let a be 663/w + 3/(-6). Suppose 18 + 26 = g. Calculate the highest common factor of a and g.
22
Suppose -4*u - 3*j - 8 = 0, -3*u = -j + 4 + 2. Let f be -9 + 42 - 0/u. What is the greatest common factor of 11 and f?
11
Suppose 3*p - n - 29 = 0, -27 = -0*p - 4*p - n. Suppose -5*d - 20 = -5*x, 2*x - p = 4*d - 2. Calculate the highest common factor of 4 and d.
1
Let i(d) = -2*d - 14. Let z be i(-10). Let o(x) = -x**3 + 7*x**2 - x + 6. Let a be o(z). What is the greatest common divisor of 4 and a?
4
Let f(k) = 7*k + 6*k + 0*k + 1 + 2*k. Let v be f(1). Let y be (-1 - 0) + (-1 - -10). What is the highest common factor of y and v?
8
Suppose 2*v - 60 = 5*z, 0*v - 3*z + 30 = v. What is the greatest common factor of 3 and v?
3
Let x(w) = 126*w - 7. Let a be x(2). Calculate the greatest common factor of 35 and a.
35
Let i(x) = -x**3 - 4*x**2 + 5*x - 5. Let r(y) = 4*y - 1. Let w be r(-1). Let l be i(w). Let z = l - -11. Calculate the highest common factor of 54 and z.
6
Suppose 5*r = 10, 4*s - 5*r + 19 = 7*s. Suppose -v = 7 - s, -v = 3*h - 8. What is the greatest common factor of h and 4?
4
Let n(g) be the second derivative of g**4/12 + 4*g**3/3 + g. Let a be n(-9). Let z be 12/a*(1 - -2). Calculate the highest common divisor of z and 16.
4
Suppose 0 = -0*s + 5*s - 5. Let n = s + 11. What is the greatest common factor of 36 and n?
12
Let k(a) = a**2 + 14*a + 9. Let b be k(-14). Let j = -1 - 5. Let o = j + b. What is the greatest common divisor of o and 2?
1
Let k = 169 - -15. Let d = -64 + k. What is the greatest common divisor of 12 and d?
12
Let s(o) = -o**3 - o**2 + 6*o - 7. Suppose 3*m - 2*l - 1 = 2*l, -m + 7 = -3*l. Let k be s(m). What is the greatest common factor of k and 7?
7
Let m be (-804)/(-10) - (-3 + 51/15). Let i = 35 - 3. Calculate the greatest common divisor of i and m.
16
Suppose -y + 2*t - 8 + 38 = 0, 4*y = -4*t + 84. Calculate the greatest common divisor of 12 and y.
12
Let z = 9 - 6. Suppose 3*v - 30 = -z. Calculate the highest common factor of v and 45.
9
Let q be 3/2*(5 + -1). Let x be -4*(-1 + (-39)/q). What is the highest common divisor of x and 6?
6
Suppose -5*b - 4 = -9*b. What is the highest common factor of 7 and b?
1
Suppose -3*o + 4*a + 76 = 6, 5*o = 2*a + 98. Let r = -15 - -51. Calculate the highest common factor of o and r.
18
Let q(d) = 15*d - 2. Let c be q(-2). Let a be c/(-3) - (-4)/(-6). Let g be (-5)/(45/(-219)) + (-8)/(-12). What is the greatest common divisor of g and a?
5
Let w = 6 - 3. Suppose -2*b + 18 = 3*d + 6, w*d = 4*b - 6. Suppose 4*z = b*z + 10. Calculate the greatest common factor of z and 30.
10
Suppose 9 = -p + 4*k - 2*k, -5*k + 24 = -p. Calculate the greatest common factor of p and 4.
1
Let t(w) = -w**3 - 9*w**2 + 11*w + 12. Let s be t(-10). Calculate the highest common factor of 9 and s.
1
Let b(p) = p**2 - p + 6. Let t be b(-9). What is the greatest common divisor of 12 and t?
12
Let i(b) = 2*b - 8. Let w be i(7). Let o(z) = -5*z + w*z + 2 - 5*z + 2*z**2. Let k be o(2). Calculate the greatest common factor of k and 16.
2
Suppose -5*m = 2*m + 7. Let u(q) = 11*q**2 - 2*q. Let w be u(m). Let p = 133 - 81. What is the highest common divisor of w and p?
13
Let a be (-8)/3 + 4/(-12). Let p(s) = -s**2 - 6*s. Let u be p(a). Suppose -u = -2*v + v. What is the greatest common factor of v and 36?
9
Suppose 3*v - 44 = -b, 4*v + 5*b = 22 + 55. Suppose 6*x - 20 = 2*x, 0 = 3*t - 2*x - 41. Suppose -134 = -o - t. Calculate the greatest common divisor of v and o.
13
Let f = -263 - -751. Let i be f/(-7) + (-4)/14. Let b be (-2)/3 - i/15. What is the greatest common divisor of b and 1?
1
Suppose 2*z = 2 + 4. Suppose 171 + 219 = 5*l + z*t, 5*l = -t + 380. Calculate the greatest common factor of 25 and l.
25
Let g(n) = -46*n - 22. Let c be g(-5). What is the highest common factor of c and 13?
13
Suppose 9 = 4*a - 3*g - 120, 3*a - 2*g = 98. Calculate the greatest common factor of 324 and a.
36
Let b = -254 + 317. Let k(q) = -q + q**2 - q + 2 - 3. Let u be k(4). What is the greatest common divisor of b and u?
7
Let u be 9 - 13 - 2*-18. Calculate the greatest common factor of 288 and u.
32
Let l be 10/(-3)*6/(-4). Let f be -7*1 - (-5)/(-5). Let s(k) = -4*k + 8. Let j be s(f). Calculate the greatest common factor of l and j.
5
Suppose 2*i = -2*a + 4, 6*a = 4*i + 11*a - 7. Calculate the highest common divisor of i and 27.
3
Let v(d) = -2*d - 5. Let h be v(-4). Let y(p) = 2*p**2 + p + 3. Let g be y(h). What is the highest common factor of 36 and g?
12
Suppose 4*l + 11 = 71. Let u = -7 + l. Calculate the greatest common divisor of u and 72.
8
Suppose w - 5 = 3*w + 3*p, 0 = 4*w + 5*p + 7. Let g be (-10)/(w/4 + -1). What is the highest common factor of g and 10?
10
Suppose 30 = 2*y - 12. Calculate the greatest common divisor of y and 63.
21
Let p = 5 - 5. Suppose 0*u + 4*u - 16 = p. What is the highest common divisor of u and 4?
4
Let g(y) be the second derivative of -y**4/12 - 3*y**2/2 + 2*y. Let a be g(-3). Let v = a - -21. Calculate the highest common factor of 9 and v.
9
Suppose -4*w = 4*i + 28 - 12, 0 = -3*i - 3. Let y(z) = -8*z. Let l be y(w). Let x = 16 + -10. What is the greatest common factor of x and l?
6
Let c = -158 + 274. Calculate the greatest common divisor of 29 and c.
29
Let j = 14 + -10. Let d = j - -3. Let c(h) = h**3 - 5*h**2 - 5*h - 9. Let n be c(d). What is the greatest common divisor of 18 and n?
18
Suppose 13*j = 17*j - 152. Let l = -20 + j. Suppose 2*v - 8 - 4 = -5*i, 5*i - 3*v - 7 = 0. What is the greatest common factor of i and l?
2
Suppose 20 = 5*q - q, -p + 7 = q. Suppose -5*l - 2*n + 186 = 0, 118 = 4*l + p*n - 32. Calculate the greatest common divisor of 24 and l.
12
Let f = -6 - -8. What is the highest common divisor of 6 and f?
2
Suppose 62 - 161 = -3*c + 3*q, -q = 5. Let h be (2184/63)/(2/3). Suppose d = h + c. Calculate the highest common factor of d and 20.
20
Let q(l) = -13*l - 2. Let z be q(-4). Let j = -28 + z. Calculate the greatest common divisor of 242 and j.
22
Let w be (-114)/12*(-2 + 0). What is the highest common factor of 152 and w?
19
Suppose 3*g + 9 = 2*z + 6*g, 0 = -2*z + g + 5. Suppose 2*m + z*q - 53 - 32 = 0, q + 1 = 0. What is the highest common factor of 4 and m?
4
Let s be ((-2)/1 + 7)*(-12)/(-5). What is the greatest common divisor of 108 and s?
12
Let y be 2/(-4)*(-4 + 4). Suppose y = -q + 8 + 4. Calculate the highest common divisor of 84 and q.
12
Suppose -7*g + 4*g + 81 = 0. Calculate the greatest common divisor of 135 and g.
27
Let s be 3*-1 - (-3 + 100). Let v = s + 172. What is the greatest common divisor of v and 8?
8
Let o = 80 + -44. What is the greatest common factor of 72 and o?
36
Let y be 442/3 + 1/(-3). Let l = 16 - 5. Let k = 10 + l. Calculate the highest common divisor of y and k.
21
Suppose -3*j + 6 = 3*r - 12, -j = 2*r - 15. Let t = -5 + 6. Let c(s) = -s**3 + 2*s**2. Let h be c(t). What is the greatest common divisor of h and r?
1
L